 19?
17
Suppose -4*v - 9 - 7 = 0, -5*s = 2*v - 27. What is the remainder when 124 is divided by s?
5
Let s(n) = -n**2 - 15*n + 14. Calculate the remainder when 207 is divided by s(-7).
67
Calculate the remainder when 918/45*180/27 is divided by 9.
1
Suppose -5*b + 3*h + 56 = 0, -6*h + 5*h = 3*b - 42. What is the remainder when 71 is divided by b?
6
Suppose -39 = 21*k - 207. Calculate the remainder when 31 is divided by k.
7
Suppose -14350 = -27*f - 3604. Calculate the remainder when f is divided by 4.
2
Let m(w) be the third derivative of 11*w**4/24 - w**3/6 - 6*w**2. Let v = -15 + 26. Calculate the remainder when m(2) is divided by v.
10
Suppose j = 6, -133 + 51 = -5*g + 3*j. Let z(p) = p**3 - 4*p**2 - 8*p + 8. What is the remainder when z(6) is divided by g?
12
Let b(z) = 9*z - 104. Calculate the remainder when b(18) is divided by 35.
23
Suppose 0 = 19*f - 17*f. Suppose 2*l - 3*a = -l + 12, f = -l + 3*a + 6. Suppose l*m + m = 44. Calculate the remainder when m is divided by 3.
2
Let l(y) be the second derivative of 4*y**3/3 - 9*y**2/2 + 23*y. What is the remainder when 13 is divided by l(2)?
6
Let w = -19 - -178. What is the remainder when w is divided by 23?
21
Suppose 0 = -v - 5 + 12. Suppose 27*s - 45*s = -414. Calculate the remainder when s is divided by v.
2
Let s be 224/(-42) + 2/6*-2. Calculate the remainder when 54 is divided by (s/(-30) + -1)/(2/(-35)).
12
Suppose -a = 3*r - 784, -a = -5*r + 2*a + 1330. Calculate the remainder when r is divided by 7.
4
Let s(f) = -f**3 + 9*f**2 - 8*f - 9. Let c be s(8). Let u = c + 28. Calculate the remainder when u is divided by 11.
8
Suppose 3*p + 4*w = 132, -8*w - 194 = -5*p - 6*w. Calculate the remainder when p is divided by 10.
0
Let k(n) = 29*n - 52. Let z be k(7). Let t = z + -12. Calculate the remainder when t is divided by 28.
27
Let u be (14/4 + -3)*-2. Calculate the remainder when 39 - -3 - (u - -2) is divided by 11.
8
Let r(z) = -19*z - 141. What is the remainder when 26 is divided by r(-8)?
4
Let h = 46 - 32. Let n = -12 + h. Let m = n + 13. Calculate the remainder when 29 is divided by m.
14
Suppose 2*o = -4, -4*x + 0*o + 392 = -4*o. Let p = -58 + x. Calculate the remainder when 188 is divided by p.
36
Let c(y) = -y**2 - 9*y - 7. Let j(k) = -3*k**2 - 36*k - 28. Let s(v) = -9*c(v) + 2*j(v). What is the remainder when 26 is divided by s(-3)?
5
Suppose -d + 8 = -3. What is the remainder when 30 is divided by d/(-3 - (-2 + -2))?
8
Let l(g) = g**2 - 3. What is the remainder when 3 - (-90)/(-27) - 650/(-6) is divided by l(5)?
20
Suppose -7*s = -21*s + 574. What is the remainder when s is divided by 11?
8
Suppose -31 = -0*j - j. Let r = j - 15. Calculate the remainder when 76 is divided by r.
12
Let h = 652 - 642. What is the remainder when 38 is divided by h?
8
Let q(f) = -2*f - 23. Let h be q(-14). Suppose y + h*o = 3*y - 20, -o = y - 17. What is the remainder when 43 is divided by y?
13
Let b(z) = z**3 - 13*z**2 + 29*z - 12. Let s be b(14). Suppose -8*a + 122 = -s. What is the remainder when a is divided by 15?
14
Let a(z) = z**2 + 6*z + 11. Suppose 5*w + 5*t - 60 = -0*w, -3*w + 28 = 5*t. Suppose -n = 3*n + w. What is the remainder when 11 is divided by a(n)?
2
Calculate the remainder when 159 is divided by 3/(-2) + (-5)/((-160)/304).
7
Let r(s) = s**3 + s**2 + 2*s - 2. Let f = 283 - 269. Calculate the remainder when r(3) is divided by f.
12
Suppose 108*a - 107*a = 2. Calculate the remainder when (-4)/(1/((-3)/2)) is divided by a.
0
Let p be 7/(-2) - (-9)/(-6). Calculate the remainder when p + 1 - (-138)/3 is divided by 16.
10
Suppose -83 = -52*r + 73. Calculate the remainder when (1/(-2))/(1/(-14)) is divided by r.
1
Let p = 48 - 28. What is the remainder when (-54)/(-15)*((-220)/(-8))/1 is divided by p?
19
Let y(m) = -m**2 - 17*m - 33. Let t = -9 - -12. Suppose 0*n + 380 = t*c - 2*n, 495 = 4*c - 5*n. What is the remainder when c is divided by y(-11)?
31
Suppose -23 = -6*g + 1. Suppose -3*b + 95 = g*n, -5*b + 4*n + 16 = -89. Calculate the remainder when b is divided by 13.
12
Let j(w) be the first derivative of 7*w**4/4 + w**2 - 2*w - 11. Calculate the remainder when j(2) is divided by 16.
10
Suppose -11*s + 930 - 50 = 0. Let t = s + -63. What is the remainder when 50 is divided by t?
16
Let m(v) = 26*v**2 + 2*v + 1. Calculate the remainder when (23/(-2) + 1)/((-129)/1204) is divided by m(-1).
23
Let t(c) = -c**2 + 9*c - 6. Suppose 11*y = 6*y + 5*s + 310, -4*s = -2*y + 134. What is the remainder when y is divided by t(6)?
9
Suppose -151 - 19 = -5*h - 5*r, -4*h = -2*r - 136. Suppose -t + 3 - 6 = -l, 3*t = l + 1. What is the remainder when h is divided by 12 - ((-8)/t + 7)?
7
Calculate the remainder when (1/(-1))/((84/(-7968))/7) is divided by 35.
34
Let v(t) = -13*t**3 - t**2 + 4*t + 4. Calculate the remainder when v(-3) is divided by 16.
14
Suppose 4*w - 42 = 2*n, 64 = 4*w + 4*n + 4. Let s = -19 + -45. Let l = 96 + s. Calculate the remainder when l is divided by w.
8
Let w = 200 + -116. Suppose n + 2*r = r + w, -5*n + 2*r = -434. What is the remainder when n is divided by 22?
20
Let j(k) = 3*k**2 + 3*k - 124. Calculate the remainder when j(9) is divided by 37.
35
Let s(u) = 9*u - 43. Let f(j) = -j**3 + 3*j**2 + 6*j + 5. Let x be f(4). Calculate the remainder when s(x) is divided by 15.
14
Let v = 79 + 0. Suppose -2*d + 21 = -11. What is the remainder when v is divided by d?
15
Suppose m + 7 = 4*w - 11, 0 = 5*m + 10. Suppose b + p = -2*p - 4, -2*b - 4*p - w = 0. What is the remainder when 7 is divided by b?
1
Suppose 3*p = 17 - 8. Suppose 0 = m + p*m - 68. Suppose 0 = s + 4*w - 9, 3*s + 2*w + 0*w = m. Calculate the remainder when s is divided by 2.
1
Let q(v) = v + 14. Let m(h) = 2*h + 11. Let y be m(-10). Suppose -2*k + 58 = -0*k + 5*f, -2*k - f = -42. What is the remainder when k is divided by q(y)?
4
Suppose -48*i = -50*i - 5*f + 753, i - 384 = -4*f. What is the remainder when i is divided by 123?
118
Let z = 13 - -12. Let f = -556 - -652. What is the remainder when f is divided by z?
21
What is the remainder when 117 is divided by 320/28 - (4/(-7) - 0)?
9
Let u(h) = 6*h - 38. Calculate the remainder when 182 is divided by u(11).
14
Suppose 9*i - 5*i - 24 = 0. What is the remainder when 2 is divided by (8/(-6))/((-8)/i)?
0
Suppose -3*c + 3*a + 15 = 0, 12*a - 9*a + 21 = 5*c. What is the remainder when 3 is divided by c?
0
Let n = 987 - 824. Calculate the remainder when n is divided by 31.
8
Suppose 2*g = 2*j + 4, 1 + 10 = -j + 4*g. Let u be -4*(-2 + 3/2). Suppose -3*d = u*d - 15. What is the remainder when d is divided by j?
0
Let c = -777 - -791. What is the remainder when 23 is divided by c?
9
Suppose -4*i - i - 4*t + 310 = 0, -t = -i + 71. Calculate the remainder when i is divided by 36.
30
Let v(o) = 2*o + 29. What is the remainder when 169 is divided by v(3)?
29
Let c = 9 - 6. Let j(k) = 5*k**2 + c + 0*k**2 - 16*k - 3*k**2 - 3*k**2. What is the remainder when j(-11) is divided by 15?
13
Suppose -h + 5*h = 2*b - 90, 2*b + 30 = -h. Let y = 44 + h. Calculate the remainder when 78 is divided by y.
18
Suppose -52*y = -53*y + 104. Calculate the remainder when y is divided by 56.
48
Let t(o) = o**2 - 4*o - 3. Let f be t(5). Suppose 6 = 2*r - f. Calculate the remainder when -1*11*((-12)/3 + 3) is divided by r.
3
Suppose -2*g + 4*v + 152 = 6*v, -3*g + 2*v + 228 = 0. Suppose -8 + 50 = 7*f. Calculate the remainder when g is divided by f.
4
Let q = -20 + 43. Suppose -7*j - 3*p = -2*j - 580, -4*j + 457 = p. Calculate the remainder when j is divided by q.
21
Suppose 4*k - 260 = -3*f, 13 - 1 = -3*f. Let p(m) = -m**2 - m + 14. Calculate the remainder when k is divided by p(0).
12
Suppose 0 = 5*i + 5*m - 25 - 65, 0 = -4*i - 3*m + 69. Let g(t) = -t**3 + 14*t**2 + 16*t - 8. What is the remainder when 48 is divided by g(i)?
6
Suppose 46*k - 38*k = 120. What is the remainder when 15 is divided by k?
0
Let g(l) = l + 7. Suppose 2*j + 29 = 4*h + j, -4*h + 4*j + 20 = 0. What is the remainder when g(8) is divided by h?
7
Let x = -229 - -439. Let o = 8 - 5. Calculate the remainder when x/20*2/3 is divided by o.
1
Let g = 10 + 2. Let j(l) = -l**2 - 6*l + 98. What is the remainder when j(-10) is divided by g?
10
Let r(s) = 6*s + 17. Let d be r(-6). Let u = d - -36. What is the remainder when 67 is divided